{"id":1303,"date":"2021-03-21T20:24:42","date_gmt":"2021-03-21T19:24:42","guid":{"rendered":"https:\/\/gpgkkoszyce.pl\/?page_id=1303"},"modified":"2021-03-21T22:26:14","modified_gmt":"2021-03-21T21:26:14","slug":"ogloszenia-i-aktualnosci","status":"publish","type":"page","link":"https:\/\/gpgkkoszyce.pl\/index.php\/ogloszenia-i-aktualnosci\/","title":{"rendered":"Og\u0142oszenia i aktualno\u015bci"},"content":{"rendered":"\n<div class=\"wp-block-columns are-vertically-aligned-top is-layout-flex wp-container-core-columns-is-layout-9d6595d7 wp-block-columns-is-layout-flex\">\n<div class=\"wp-block-column is-vertically-aligned-top is-layout-flow wp-block-column-is-layout-flow\" style=\"flex-basis:50%\"><ul class=\"wp-block-latest-posts__list has-dates aligncenter wp-block-latest-posts\"><li><a class=\"wp-block-latest-posts__post-title\" href=\"https:\/\/gpgkkoszyce.pl\/index.php\/2023\/05\/05\/uwaga-woda\/\">Uwaga Woda !!!<\/a><time datetime=\"2023-05-05T10:43:33+02:00\" class=\"wp-block-latest-posts__post-date\">5 maja 2023<\/time><div class=\"wp-block-latest-posts__post-excerpt\">Woda z Uj\u0119cia Publicznego SUW Wit\u00f3w zdatna do Spo\u017cycia!!!&nbsp; W za\u0142\u0105czniku komunikat wygaszaj\u0105cy wcze\u015bniejsz\u0105 decyzje nr&nbsp; 4\/2023 &nbsp; decyzja 7HK.903.1.55.2023-1 &nbsp; &nbsp; &nbsp; &nbsp; &nbsp;<\/div><\/li>\n<li><a class=\"wp-block-latest-posts__post-title\" href=\"https:\/\/gpgkkoszyce.pl\/index.php\/2023\/03\/18\/uwaga-woda-przydatna-do-spozycia-po-przegotowaniu\/\">UWAGA WODA PRZYDATNA DO SPO\u017bYCIA PO PRZEGOTOWANIU<\/a><time datetime=\"2023-03-18T11:56:01+01:00\" class=\"wp-block-latest-posts__post-date\">18 marca 2023<\/time><div class=\"wp-block-latest-posts__post-excerpt\">Decyzj\u0105 Pa\u0144stwowego Powiatowego Inspektora Sanitarnego w Proszowicach woda z wodoci\u0105gu publicznego w miejscowo\u015bci Wit\u00f3w tymczasowo wymaga PRZEGOTOWANIA przed spo\u017cyciem. Dotyczy&nbsp; to mieszka\u0144c\u00f3w miejscowo\u015bci: Koszyce, Soko\u0142owice, Wit\u00f3w, Morsko, Ksi\u0105\u017cnice Ma\u0142e, W\u0142ostowice, \u0141apsz\u00f3w, Biskupice. Decyzja wa\u017cna do odwo\u0142ania, o czym poinformujemy w nast\u0119pnym komunikacie. decyzja nr 4_2023 &nbsp; &nbsp; &nbsp;<\/div><\/li>\n<li><div class=\"wp-block-latest-posts__featured-image alignleft\"><img loading=\"lazy\" decoding=\"async\" width=\"150\" height=\"150\" src=\"https:\/\/gpgkkoszyce.pl\/wp-content\/uploads\/2021\/09\/pdf-155498_640-150x150.png\" class=\"attachment-thumbnail size-thumbnail wp-post-image\" alt=\"\" style=\"\" srcset=\"https:\/\/gpgkkoszyce.pl\/wp-content\/uploads\/2021\/09\/pdf-155498_640-150x150.png 150w, https:\/\/gpgkkoszyce.pl\/wp-content\/uploads\/2021\/09\/pdf-155498_640-300x300.png 300w, https:\/\/gpgkkoszyce.pl\/wp-content\/uploads\/2021\/09\/pdf-155498_640.png 640w\" sizes=\"auto, (max-width: 150px) 85vw, 150px\" \/><\/div><a class=\"wp-block-latest-posts__post-title\" href=\"https:\/\/gpgkkoszyce.pl\/index.php\/2022\/08\/22\/sprawozdanie-z-badan-suw-modrzany\/\">sprawozdanie z bada\u0144 wody SUW Modrzany<\/a><time datetime=\"2022-08-22T10:04:35+02:00\" class=\"wp-block-latest-posts__post-date\">22 sierpnia 2022<\/time><div class=\"wp-block-latest-posts__post-excerpt\">W za\u0142\u0105czniku wyniki bada\u0144 w formacie PDF. wyniki Bada\u0144 Modrzany<\/div><\/li>\n<li><div class=\"wp-block-latest-posts__featured-image alignleft\"><img loading=\"lazy\" decoding=\"async\" width=\"150\" height=\"150\" src=\"https:\/\/gpgkkoszyce.pl\/wp-content\/uploads\/2021\/08\/pdf-logo-150x150.png\" class=\"attachment-thumbnail size-thumbnail wp-post-image\" alt=\"\" style=\"\" srcset=\"https:\/\/gpgkkoszyce.pl\/wp-content\/uploads\/2021\/08\/pdf-logo-150x150.png 150w, https:\/\/gpgkkoszyce.pl\/wp-content\/uploads\/2021\/08\/pdf-logo-300x300.png 300w, https:\/\/gpgkkoszyce.pl\/wp-content\/uploads\/2021\/08\/pdf-logo.png 512w\" sizes=\"auto, (max-width: 150px) 85vw, 150px\" \/><\/div><a class=\"wp-block-latest-posts__post-title\" href=\"https:\/\/gpgkkoszyce.pl\/index.php\/2022\/07\/13\/informacja-o-oplatach-za-odbior-i-sciekow-i-dostarczanie-wody-2\/\">INFORMACJA O OP\u0141ATACH ZA ODBI\u00d3R I \u015aCIEK\u00d3W I DOSTARCZANIE WODY<\/a><time datetime=\"2022-07-13T13:38:20+02:00\" class=\"wp-block-latest-posts__post-date\">13 lipca 2022<\/time><div class=\"wp-block-latest-posts__post-excerpt\">W za\u0142\u0105czniku w formacie PDF informacja&nbsp; o op\u0142atach za odbi\u00f3r \u015bciek\u00f3w i dostarczanie wody. informcja o p\u0142atno\u015bciach<\/div><\/li>\n<li><div class=\"wp-block-latest-posts__featured-image alignleft\"><img loading=\"lazy\" decoding=\"async\" width=\"150\" height=\"150\" src=\"https:\/\/gpgkkoszyce.pl\/wp-content\/uploads\/2021\/08\/pdf-logo-150x150.png\" class=\"attachment-thumbnail size-thumbnail wp-post-image\" alt=\"\" style=\"\" srcset=\"https:\/\/gpgkkoszyce.pl\/wp-content\/uploads\/2021\/08\/pdf-logo-150x150.png 150w, https:\/\/gpgkkoszyce.pl\/wp-content\/uploads\/2021\/08\/pdf-logo-300x300.png 300w, https:\/\/gpgkkoszyce.pl\/wp-content\/uploads\/2021\/08\/pdf-logo.png 512w\" sizes=\"auto, (max-width: 150px) 85vw, 150px\" \/><\/div><a class=\"wp-block-latest-posts__post-title\" href=\"https:\/\/gpgkkoszyce.pl\/index.php\/2022\/07\/13\/informacja-o-oplatach-za-odbior-i-sciekow-i-dostarczanie-wody\/\">INFORMACJA O OP\u0141ATACH ZA ODBI\u00d3R I \u015aCIEK\u00d3W I DOSTARCZANIE WODY<\/a><time datetime=\"2022-07-13T13:24:45+02:00\" class=\"wp-block-latest-posts__post-date\">13 lipca 2022<\/time><div class=\"wp-block-latest-posts__post-excerpt\">W za\u0142\u0105czniku w formacie PDF informacja&nbsp; o op\u0142atach za odbi\u00f3r \u015bciek\u00f3w i dostarczanie wody inf na stron\u0119 o p\u0142atno\u015bciach<\/div><\/li>\n<li><div class=\"wp-block-latest-posts__featured-image alignleft\"><img loading=\"lazy\" decoding=\"async\" width=\"150\" height=\"150\" src=\"https:\/\/gpgkkoszyce.pl\/wp-content\/uploads\/2021\/09\/pdf-155498_640-150x150.png\" class=\"attachment-thumbnail size-thumbnail wp-post-image\" alt=\"\" style=\"\" srcset=\"https:\/\/gpgkkoszyce.pl\/wp-content\/uploads\/2021\/09\/pdf-155498_640-150x150.png 150w, https:\/\/gpgkkoszyce.pl\/wp-content\/uploads\/2021\/09\/pdf-155498_640-300x300.png 300w, https:\/\/gpgkkoszyce.pl\/wp-content\/uploads\/2021\/09\/pdf-155498_640.png 640w\" sizes=\"auto, (max-width: 150px) 85vw, 150px\" \/><\/div><a class=\"wp-block-latest-posts__post-title\" href=\"https:\/\/gpgkkoszyce.pl\/index.php\/2022\/07\/09\/wyniki-badan-wody-zagaje-ksiaznickie-zbiorniki\/\">Sprawozdanie bada\u0144 wody Zagaje &#8211; Zbiorniki<\/a><time datetime=\"2022-07-09T12:31:13+02:00\" class=\"wp-block-latest-posts__post-date\">9 lipca 2022<\/time><div class=\"wp-block-latest-posts__post-excerpt\">Sprawozdanie z bada\u0144 wody z punktu poboru Zagaje &#8211; Zbiorniki SB_79411_07_2022 Zbiornik wody Zagaje Ksi\u0105\u017cnickie<\/div><\/li>\n<li><div class=\"wp-block-latest-posts__featured-image alignleft\"><img loading=\"lazy\" decoding=\"async\" width=\"150\" height=\"150\" src=\"https:\/\/gpgkkoszyce.pl\/wp-content\/uploads\/2021\/04\/1001934_small500-150x150.png\" class=\"attachment-thumbnail size-thumbnail wp-post-image\" alt=\"\" style=\"\" srcset=\"https:\/\/gpgkkoszyce.pl\/wp-content\/uploads\/2021\/04\/1001934_small500-150x150.png 150w, https:\/\/gpgkkoszyce.pl\/wp-content\/uploads\/2021\/04\/1001934_small500-300x300.png 300w, https:\/\/gpgkkoszyce.pl\/wp-content\/uploads\/2021\/04\/1001934_small500.png 500w\" sizes=\"auto, (max-width: 150px) 85vw, 150px\" \/><\/div><a class=\"wp-block-latest-posts__post-title\" href=\"https:\/\/gpgkkoszyce.pl\/index.php\/2021\/04\/30\/ogloszenie-1\/\">Og\u0142oszenie 1<\/a><time datetime=\"2021-04-30T18:40:52+02:00\" class=\"wp-block-latest-posts__post-date\">30 kwietnia 2021<\/time><div class=\"wp-block-latest-posts__post-excerpt\">Przyk\u0142adowy ma\u0142y tekst.<\/div><\/li>\n<li><div class=\"wp-block-latest-posts__featured-image alignleft\"><img loading=\"lazy\" decoding=\"async\" width=\"150\" height=\"150\" src=\"https:\/\/gpgkkoszyce.pl\/wp-content\/uploads\/2021\/04\/1000328_small500-150x150.png\" class=\"attachment-thumbnail size-thumbnail wp-post-image\" alt=\"\" style=\"\" srcset=\"https:\/\/gpgkkoszyce.pl\/wp-content\/uploads\/2021\/04\/1000328_small500-150x150.png 150w, https:\/\/gpgkkoszyce.pl\/wp-content\/uploads\/2021\/04\/1000328_small500-300x300.png 300w, https:\/\/gpgkkoszyce.pl\/wp-content\/uploads\/2021\/04\/1000328_small500.png 500w\" sizes=\"auto, (max-width: 150px) 85vw, 150px\" \/><\/div><a class=\"wp-block-latest-posts__post-title\" href=\"https:\/\/gpgkkoszyce.pl\/index.php\/2021\/04\/30\/post-2-headline\/\">Post 2 Headline<\/a><time datetime=\"2021-04-30T18:40:51+02:00\" class=\"wp-block-latest-posts__post-date\">30 kwietnia 2021<\/time><div class=\"wp-block-latest-posts__post-excerpt\">Przyk\u0142adowy ma\u0142y tekst. Lorem ipsum dolor sit amet.<\/div><\/li>\n<li><div class=\"wp-block-latest-posts__featured-image alignleft\"><img loading=\"lazy\" decoding=\"async\" width=\"150\" height=\"150\" src=\"https:\/\/gpgkkoszyce.pl\/wp-content\/uploads\/2021\/04\/11-150x150.jpeg\" class=\"attachment-thumbnail size-thumbnail wp-post-image\" alt=\"\" style=\"\" \/><\/div><a class=\"wp-block-latest-posts__post-title\" href=\"https:\/\/gpgkkoszyce.pl\/index.php\/2021\/04\/30\/post-3-headline\/\">Post 3 Headline<\/a><time datetime=\"2021-04-30T18:40:50+02:00\" class=\"wp-block-latest-posts__post-date\">30 kwietnia 2021<\/time><div class=\"wp-block-latest-posts__post-excerpt\">Przyk\u0142adowy ma\u0142y tekst. Lorem ipsum dolor sit amet.<\/div><\/li>\n<li><div class=\"wp-block-latest-posts__featured-image alignleft\"><img loading=\"lazy\" decoding=\"async\" width=\"150\" height=\"150\" src=\"https:\/\/gpgkkoszyce.pl\/wp-content\/uploads\/2021\/04\/12-150x150.jpeg\" class=\"attachment-thumbnail size-thumbnail wp-post-image\" alt=\"\" style=\"\" \/><\/div><a class=\"wp-block-latest-posts__post-title\" href=\"https:\/\/gpgkkoszyce.pl\/index.php\/2021\/04\/30\/post-4-headline\/\">Post 4 Headline<\/a><time datetime=\"2021-04-30T18:40:49+02:00\" class=\"wp-block-latest-posts__post-date\">30 kwietnia 2021<\/time><div class=\"wp-block-latest-posts__post-excerpt\">Przyk\u0142adowy ma\u0142y tekst. Lorem ipsum dolor sit amet.<\/div><\/li>\n<li><div class=\"wp-block-latest-posts__featured-image alignleft\"><img loading=\"lazy\" decoding=\"async\" width=\"150\" height=\"150\" src=\"https:\/\/gpgkkoszyce.pl\/wp-content\/uploads\/2021\/04\/13-150x150.jpeg\" class=\"attachment-thumbnail size-thumbnail wp-post-image\" alt=\"\" style=\"\" \/><\/div><a class=\"wp-block-latest-posts__post-title\" href=\"https:\/\/gpgkkoszyce.pl\/index.php\/2021\/04\/30\/post-5-headline\/\">Post 5 Headline<\/a><time datetime=\"2021-04-30T18:40:48+02:00\" class=\"wp-block-latest-posts__post-date\">30 kwietnia 2021<\/time><div class=\"wp-block-latest-posts__post-excerpt\">Przyk\u0142adowy ma\u0142y tekst. Lorem ipsum dolor sit amet.<\/div><\/li>\n<li><div class=\"wp-block-latest-posts__featured-image alignleft\"><img loading=\"lazy\" decoding=\"async\" width=\"150\" height=\"150\" src=\"https:\/\/gpgkkoszyce.pl\/wp-content\/uploads\/2021\/04\/11-150x150.jpeg\" class=\"attachment-thumbnail size-thumbnail wp-post-image\" alt=\"\" style=\"\" \/><\/div><a class=\"wp-block-latest-posts__post-title\" href=\"https:\/\/gpgkkoszyce.pl\/index.php\/2021\/04\/30\/post-6-headline\/\">Post 6 Headline<\/a><time datetime=\"2021-04-30T18:40:47+02:00\" class=\"wp-block-latest-posts__post-date\">30 kwietnia 2021<\/time><div class=\"wp-block-latest-posts__post-excerpt\">Przyk\u0142adowy ma\u0142y tekst. Lorem ipsum dolor sit amet.<\/div><\/li>\n<li><div class=\"wp-block-latest-posts__featured-image alignleft\"><img loading=\"lazy\" decoding=\"async\" width=\"150\" height=\"150\" src=\"https:\/\/gpgkkoszyce.pl\/wp-content\/uploads\/2021\/04\/12-150x150.jpeg\" class=\"attachment-thumbnail size-thumbnail wp-post-image\" alt=\"\" style=\"\" \/><\/div><a class=\"wp-block-latest-posts__post-title\" href=\"https:\/\/gpgkkoszyce.pl\/index.php\/2021\/04\/30\/biuro-obslugi-klienta\/\">Biuro Obs\u0142ugi Klienta<\/a><time datetime=\"2021-04-30T18:40:46+02:00\" class=\"wp-block-latest-posts__post-date\">30 kwietnia 2021<\/time><div class=\"wp-block-latest-posts__post-excerpt\">Godziny przyj\u0119cia interesant\u00f3w : Poniedzia\u0142ek &#8211; Pi\u0105tek od 8.00 do 15.00 \u00a0Adres do korespondencji: W\u0142ostowice 7a 32-130 Koszyce<\/div><\/li>\n<li><a class=\"wp-block-latest-posts__post-title\" href=\"https:\/\/gpgkkoszyce.pl\/index.php\/2019\/10\/22\/sprawozdanie-z-badan-probki-wody-pompownie-wody-przemykow-oraz-zbiornik-wyrownawczy-zagaje\/\">Sprawozdanie z bada\u0144 pr\u00f3bki wody z dnia 22.10.2019- Pompownia wody Przemyk\u00f3w oraz Zbiornik wyr\u00f3wnawczy Zagaje<\/a><time datetime=\"2019-10-22T11:50:31+02:00\" class=\"wp-block-latest-posts__post-date\">22 pa\u017adziernika 2019<\/time><div class=\"wp-block-latest-posts__post-excerpt\">Pompownia wody Zbiornik wyr\u00f3wnawczy<\/div><\/li>\n<\/ul><\/div>\n\n\n\n<div class=\"wp-block-column is-layout-flow wp-block-column-is-layout-flow\" style=\"flex-basis:50%\">\n<figure class=\"wp-block-image size-large\"><img loading=\"lazy\" decoding=\"async\" width=\"500\" height=\"333\" src=\"https:\/\/gpgkkoszyce.pl\/wp-content\/uploads\/2021\/03\/1296221_small500.jpg\" alt=\"\" class=\"wp-image-1309\" srcset=\"https:\/\/gpgkkoszyce.pl\/wp-content\/uploads\/2021\/03\/1296221_small500.jpg 500w, https:\/\/gpgkkoszyce.pl\/wp-content\/uploads\/2021\/03\/1296221_small500-300x200.jpg 300w, https:\/\/gpgkkoszyce.pl\/wp-content\/uploads\/2021\/03\/1296221_small500-272x182.jpg 272w\" sizes=\"auto, (max-width: 500px) 85vw, 500px\" \/><\/figure>\n<\/div>\n<\/div>\n","protected":false},"excerpt":{"rendered":"","protected":false},"author":3,"featured_media":0,"parent":0,"menu_order":0,"comment_status":"closed","ping_status":"closed","template":"","meta":{"ngg_post_thumbnail":0,"footnotes":""},"class_list":["post-1303","page","type-page","status-publish","hentry"],"_links":{"self":[{"href":"https:\/\/gpgkkoszyce.pl\/index.php\/wp-json\/wp\/v2\/pages\/1303","targetHints":{"allow":["GET"]}}],"collection":[{"href":"https:\/\/gpgkkoszyce.pl\/index.php\/wp-json\/wp\/v2\/pages"}],"about":[{"href":"https:\/\/gpgkkoszyce.pl\/index.php\/wp-json\/wp\/v2\/types\/page"}],"author":[{"embeddable":true,"href":"https:\/\/gpgkkoszyce.pl\/index.php\/wp-json\/wp\/v2\/users\/3"}],"replies":[{"embeddable":true,"href":"https:\/\/gpgkkoszyce.pl\/index.php\/wp-json\/wp\/v2\/comments?post=1303"}],"version-history":[{"count":4,"href":"https:\/\/gpgkkoszyce.pl\/index.php\/wp-json\/wp\/v2\/pages\/1303\/revisions"}],"predecessor-version":[{"id":1310,"href":"https:\/\/gpgkkoszyce.pl\/index.php\/wp-json\/wp\/v2\/pages\/1303\/revisions\/1310"}],"wp:attachment":[{"href":"https:\/\/gpgkkoszyce.pl\/index.php\/wp-json\/wp\/v2\/media?parent=1303"}],"curies":[{"name":"wp","href":"https:\/\/api.w.org\/{rel}","templated":true}]}}